h(b) = 2*b**2 - 21*b - 11. Let w(m) = 10*m**2 - 64*m - 34. Let x(t) = -10*h(t) + 3*w(t). Let d = -10 - -4. What is the tens digit of x(d)?
6
Suppose -32362 + 533866 = 96*h. What is the hundreds digit of h?
2
Let a = -432 - -228. Let j = -1116 - -826. Let i = a - j. What is the tens digit of i?
8
Let t(s) = 4*s**2 + 12*s - 77. Suppose -4*y = -33 + 5. What is the tens digit of t(y)?
0
Let g be (3 - -1) + -7 - 13. Let u be ((-60)/g)/(5/340). Suppose 0 = 3*r + 2*t + t - u, r = t + 75. What is the units digit of r?
0
Let z(p) = -168*p - 35. Let o be z(5). Let n = -376 - o. What is the tens digit of n?
9
Let m(s) = -391*s - 2. What is the thousands digit of m(-41)?
6
Suppose 5*y - j - 4*j - 25 = 0, -3*j = -4*y + 15. Suppose 0 = 2*h - y*r - r - 437, 3*r - 433 = -2*h. What is the hundreds digit of h?
2
Let u(h) = -7*h**2 + 19*h - 7. Let z be u(2). Suppose -10 = -2*o, o + 1847 + 443 = z*x. What is the units digit of x?
5
Let d = -9 + 0. Let s(v) = 12*v**3 + 9*v**2 + 3*v - 6. Let g(h) = 17*h**3 + 14*h**2 + 4*h - 9. Let i(w) = -5*g(w) + 7*s(w). What is the hundreds digit of i(d)?
1
Let x(q) = -q**2 + 2*q**2 + 62*q - 17 - 50*q. Let a be x(7). Suppose -5*m + a + 69 = 0. What is the units digit of m?
7
Let x(i) = 38*i - 158. Let n(m) = -m + 1. Let w(k) = -2*n(k) - x(k). What is the tens digit of w(-4)?
0
Suppose 4*d - 7374 = 2*q, 2*q + 137 = d - 1699. Suppose 0 = 12*p - d - 2258. What is the hundreds digit of p?
3
Let d(m) = 199*m - 100. Let a be d(-5). Let q = 1771 + a. What is the hundreds digit of q?
6
Let m(u) = -348*u**3 + 10*u**2 + 23*u - 57. What is the hundreds digit of m(-3)?
3
Suppose 0 = 118*i - 62*i - 2603888. What is the hundreds digit of i?
4
Suppose 2*a - 2*m - 893 = 307, m - 1788 = -3*a. Let d = a + -235. What is the tens digit of d?
6
Let w(p) = 454*p**2 + 97*p + 377. What is the units digit of w(-4)?
3
Let u(z) = -7295*z - 10911. What is the ten thousands digit of u(-9)?
5
Suppose -2*g - 4*k = -86, 6 - 21 = -5*k. Suppose -w = l + 2*w + 20, 3*l + 5*w = -60. Let i = l + g. What is the units digit of i?
7
Let a be (5 - 2) + (-2 + -5)/(-7). Suppose -v + 21 = 6*k - 2*k, -a*k = -3*v + 95. What is the tens digit of v?
2
Let u = 2689 + -1479. What is the tens digit of u?
1
Let s(b) = -3*b + 2. Let i be s(0). Let p(k) = 2*k**2 - 2*k - 1. Let x be p(i). Suppose 5*m = 5*w + 645, -5*m + x*w = -m - 517. What is the units digit of m?
0
Suppose 39363 = 5*b - 4*l, -2*b + 15744 = -327*l + 325*l. What is the units digit of b?
5
Suppose -4*y - 4 = 52. Let o be y*(-3)/(-18)*-3. What is the units digit of 6/(o/5 + -1)?
5
Let m = -1227 - -1980. Let i = 1319 - m. What is the tens digit of i?
6
Let a = 20803 + -12525. What is the tens digit of a?
7
What is the units digit of ((-1974)/105 - -19)*35965?
3
Let s(i) = i**2 + 8*i - 13. Let n be (0 + -2)*10/4. Let a be s(n). What is the units digit of 7/a + 426/8?
3
Let t(b) = -b**3 - 3*b - 2. Let i be -2*1/((2 - -2) + -3). Let w be t(i). Suppose 0 = -3*p + 36 - w. What is the units digit of p?
8
Suppose -95*u + 26586 = 2*o - 91*u, o = 3*u + 13313. What is the units digit of o?
1
Let k = -289 + -1719. What is the hundreds digit of ((-177)/(-118))/((-3)/k)?
0
Let u(m) = 24*m - 79. Let i be u(12). Let k = i - -75. What is the units digit of k?
4
Let l = -568 - -1553. Let w = -346 + l. What is the units digit of w?
9
Let p(r) = 9*r + 59. Let h = 9 - -1. Suppose -4*u + h*u - 78 = 0. What is the tens digit of p(u)?
7
Suppose 154*g - 116 + 150 = 342. Let b be (-46)/(-4)*(3 + -1). Suppose 5*u - b = -3*w, g*w - w = u - 11. What is the units digit of u?
7
Suppose 0 = 10*t - 508 - 122. Suppose -t = 2*j - 825. What is the tens digit of j?
8
Let m = 3 - 1. Suppose 23 = m*b - 9. Suppose -3*k + 76 = b. What is the units digit of k?
0
Suppose -12 = -3*g - g. Suppose 0 = i + 5*t - 188, -g*t - t - 1056 = -5*i. What is the hundreds digit of i?
2
Suppose 4*s = 2*u - 5*u + 85, s + 53 = 2*u. Suppose -9*a - 250 = -10*a. Suppose 0 = u*d - 25*d - a. What is the tens digit of d?
2
Let n(h) = -6*h**2 - 10*h - 9. Let f(s) = -7*s**2 - 11*s - 10. Let o(i) = -5*f(i) + 6*n(i). Let k be o(-3). What is the units digit of (23 - -6)/(-1 + k - 0)?
9
Let f = 13695 + -11621. What is the thousands digit of f?
2
Suppose 5*v + 0*v + 20 = 0. Let y be v/(-12)*15 - 5. Suppose 3*i - 4*t = 546, 3*i + y*t = -4*t + 570. What is the units digit of i?
6
Suppose -21*t - 1917594 = -48*t - 54*t. What is the ten thousands digit of t?
2
Let a(g) = -149*g + 127. Suppose -v + 4*b + 11 = 0, -29*v + 24*v - 5 = -5*b. What is the units digit of a(v)?
2
Let g = 2 - 7. Let q(h) be the first derivative of 2*h**3/3 - 9*h**2/2 - 12*h + 48. What is the units digit of q(g)?
3
Suppose o + 1607 = 5355. Suppose -21*i + o + 2342 = 0. What is the hundreds digit of i?
2
Let l = 398 + -128. Suppose 8*t - l = 9386. Suppose 5*k - 2*y - t = 0, 5*y - 588 + 1540 = 4*k. What is the units digit of k?
3
Suppose 261*j - 256*j + 7779 = 4*i, i - 1971 = -4*j. What is the hundreds digit of i?
9
Suppose 6*q - 188 + 1184 = 0. Let z = 434 - q. What is the tens digit of z?
0
Let v = -10435 - -20603. What is the ten thousands digit of v?
1
Let n = -93 - -506. Suppose -s = -2*d + 4, -13 = -13*s + 14*s - 5*d. Suppose 0 = s*k + 2*k - 20, 3*m - n = 2*k. What is the tens digit of m?
4
What is the hundreds digit of (208/28)/(14/539)?
2
Let t(z) = -245*z + 9. Let f = 115 + -75. Suppose -42*n + f*n - 2 = 0. What is the hundreds digit of t(n)?
2
Let l(j) = -j**3 - 6*j**2 + 8*j + 10. Let w be l(-7). Suppose r + 200 = w*r. Suppose c = -3*c + r. What is the units digit of c?
5
Let k = -551 + 680. Let v = k - -28. What is the hundreds digit of v?
1
Let o be (1 + (-2 - 2)/(-1))*-2. Let i = o - 21. Let y = i - -193. What is the hundreds digit of y?
1
Let d(j) be the first derivative of j**3/3 - 17*j**2/2 - 36*j + 39. What is the hundreds digit of d(-11)?
2
Let v(h) = 11*h**2 + 196*h + 67. What is the units digit of v(-44)?
9
Suppose 0 = 42*i - 40*i - 826. Let v = i + -258. What is the tens digit of v?
5
Let d(k) = -k - 4. Let z be d(-23). Suppose z*y + 4 = 21*y. What is the tens digit of (180/y)/(1 + 0)?
9
Let y = -25 + 31. Suppose -12 = -2*t - y. Suppose 0 = 5*n - 25, 4*n + 412 = 5*s - t*s. What is the tens digit of s?
1
Let y = 5 - 5. Suppose 2*w - 126 - 22 = y. What is the units digit of w?
4
Let a(d) = -3 + 5 + 0 + 4 + 2*d. Let w be a(1). What is the tens digit of (-138*w/(-24))/(2*1)?
2
What is the units digit of 755612/36 - 560/(-315)?
1
Suppose u - y = 15441, 2*y = -u + 6616 + 8834. What is the ten thousands digit of u?
1
Suppose 7*d = -d + 40. Suppose -6 = d*y - 6. Suppose y = -4*q + 19 + 109. What is the units digit of q?
2
Suppose 5*u = 2*t - 16, 0 = -4*u + 3*t - 6*t + 1. What is the hundreds digit of ((-8)/u)/12 - (-1762)/6?
2
Let r(y) = -33*y**2 - 2*y. Let q(d) = -1483 - 175*d - 2870*d**2 + 1483. Let m(a) = 2*q(a) - 175*r(a). What is the tens digit of m(1)?
3
Let g = -21893 + 40453. What is the ten thousands digit of g?
1
Let s = -4353 + 8049. What is the units digit of s?
6
Let y(o) = -o**2 + 11*o - 74. Let v be y(9). What is the tens digit of 1335 - (-1)/(8/v)?
2
Let u(s) = 15*s**2 + 3*s. Let w be u(-4). Suppose 6*y - 2*y = w. Suppose p - 2*f - 2*f - y = 0, 4*p + f = 177. What is the units digit of p?
5
Suppose -5*o + 3*j + 175 = -94, -5*j + 175 = 3*o. Suppose 4*a = -3*k + 21, 0*a = 4*a - 12. Let m = o - k. What is the units digit of m?
2
Let n = -18 - -26. Suppose u + 5*v - 40 = -n, 3*v - 94 = -5*u. Suppose 47 - u = 5*k. What is the units digit of k?
6
Let b = -44 + 42. Let j be 2262/(-10) + 2/10*1. What is the tens digit of (12/b + 8)/((-4)/j)?
1
Let v(b) = 77*b**2 - 3*b**2 + 5*b**2 - 7*b - 10 - 21*b**2. What is the hundreds digit of v(-5)?
4
Suppose 7*u = -9 + 1353. Suppose -3*z - u = -g + 2*z, -2*g + z + 420 = 0. What is the hundreds digit of g?
2
Let u be 3/(-9) + (-63780)/(-45). Let i = u - 448. What is the tens digit of i?
6
Suppose 122045 = -92*p + 1356133. What is the units digit of p?
4
Let j = 13294 + -6235. What is the hundreds digit of j?
0
Suppose 0 = -4*p - 0*p + 16. Suppose 15 = 2*o + 3*b - 3, o - p*b = -13. Suppose -r = -o*r + 104. What is the units digit of r?
2
Suppose 0 = -88*p + 526728 - 147272. What is the thousands digit of p?
4
Let g(c) = 30*c - 23 - 45*c + 19*c + c**2. What is the 